hat is the tens digit of 47*6*54/36?
2
Let c = 268 + 102. What is the units digit of c?
0
Suppose 4*z = n, 0*n - 3*n = 5*z + 17. Let d be (n/12)/((-1)/159). Let g = d - 37. What is the tens digit of g?
1
Let i = -13 - -1. Let d be ((-152)/i)/((-4)/6). Let l = -10 - d. What is the units digit of l?
9
Suppose 316948 = 106*j - 122846. What is the hundreds digit of j?
1
Let r = 269 + -91. What is the units digit of r?
8
Let c(n) = 9*n**2 + 14*n + 48. What is the hundreds digit of c(-7)?
3
Suppose 3*b + 6 = 5*g, -g + 3*b - 3 = g. Suppose -124 - 56 = -g*z. What is the tens digit of z?
6
Suppose n + 47 = 3*n - x, 4*n = -x + 85. Let v = n - -17. What is the tens digit of v?
3
Suppose -2*z + 4*r + 2 + 14 = 0, -3*r = 15. Let f(p) = 13*p - 3. Let j be f(2). What is the units digit of j - z - (-6)/(-3)?
3
Let d(y) = 12*y - 8. Suppose 4*p = -2*b + 32, 2*b = -5*p + 14 + 23. Let f be d(b). Suppose 0*w + 4*w = f. What is the tens digit of w?
1
Let y(v) = -4*v + 22. Let k be y(-18). Suppose -7*h + 262 = k. What is the units digit of h?
4
Let h(t) = t - 2. Let n be h(-4). Let i be n/8 - 471/12. What is the tens digit of ((-12)/10)/(3/i)?
1
Let d(b) = -5*b**2 + 1. Let n be d(1). Let x = -10 - n. Let j = x - -16. What is the tens digit of j?
1
Let x(z) = z**3 + 5 + 7*z**2 - 6*z**2 - 1. Let p be x(0). Suppose -6 = p*y - 7*y. What is the units digit of y?
2
Suppose 1380 = -28*h + 34*h. What is the units digit of h?
0
Suppose 12 = -2*k + 8*k. Suppose k*o + 0*o - 4 = 0. Suppose 2*w + 38 = 2*p, -5*p + 99 = o*w + 4. What is the tens digit of p?
1
Suppose -2*i = 3*w - 25, w - 10 = 3*w - 4*i. What is the units digit of w?
5
Let l be ((-3)/(-1) - 3)/(-1). Suppose 3*g - 2 - 4 = l. Suppose 5*r = g*f - 75, 5*f - 5*r - 108 = 57. What is the tens digit of f?
3
Let b be -6*1 - -4 - -11. Let f(n) = -n**2 + 14*n - 7. What is the units digit of f(b)?
8
Suppose 5*l = 5*i - 3*i + 654, 2*l - 4*i = 252. Suppose 2*u = -u + l. What is the units digit of u?
4
Suppose 3*b + 5665 = 5*m, -12*m + 7*m + 2*b + 5660 = 0. What is the thousands digit of m?
1
Let f = 4 + -1. Let v be 20 + f/(6/4). Suppose 2*z - 4*i = 22 + 14, 0 = z + 2*i - v. What is the tens digit of z?
2
Let p(f) = f + 3. Let w be p(3). Suppose 3*o - w*o + 63 = 0. Let x = -8 + o. What is the units digit of x?
3
Let m = -1785 - -1857. What is the units digit of m?
2
Let y(n) = -10*n + 5*n**2 + 4 - n + 3 - 6*n**2. Let w be y(-13). Let k = w - -28. What is the units digit of k?
9
Suppose 2*v + 5 = 41. What is the units digit of 528/v + (-4)/3?
8
Suppose -2*t + 5 = -5. Suppose 4*u + t = 5*u. What is the units digit of u?
5
What is the thousands digit of 56/448 + (13887/8 - -2)?
1
Let s = 3075 - 949. What is the tens digit of s?
2
What is the hundreds digit of 2/(-18) + (-370576)/(-414)?
8
Let i(v) = -7. Let n(p) = -p. Let a(k) = -i(k) + 4*n(k). What is the units digit of a(-4)?
3
Let k(a) = -2*a - 9. Let j = 7 + -9. Let n be (-12 - -4) + 2 + j. What is the units digit of k(n)?
7
Let g be 4 - 7 - (3 - (-1 - -814)). Suppose -8*z + 417 + g = 0. What is the tens digit of z?
5
Suppose 3*z + 375 = -2*d, 3*z - 5*d - 168 = -522. Let r = -431 + 613. Let t = z + r. What is the tens digit of t?
5
Suppose 74*x - 77*x = -3030. What is the hundreds digit of x?
0
Let l be 1180/(-35) + (-2)/7. Let q = 41 + l. What is the units digit of q?
7
Let f(d) be the second derivative of -8*d**3 + 13*d**2/2 - 9*d. Let y(l) = 12*l - 3. Let s(z) = 2*f(z) + 9*y(z). What is the tens digit of s(4)?
4
Suppose -o + 13 = -w, w = -3*w - 2*o - 22. What is the units digit of 60 - (4 - w/(-1))?
4
Suppose -1750 = -5*g - 3*b, 1606 = 4*g + b + 213. What is the units digit of g?
7
Let w(s) be the third derivative of s**6/120 + s**5/5 - s**4/8 - 7*s**3/3 + 4*s**2. Let t be w(-12). Let q = t + 4. What is the units digit of q?
6
Let m = -28 - -31. Suppose -m + 9 = 3*z. Suppose 0 = -v + z*v - 21. What is the units digit of v?
1
Let c = 13 - 8. Suppose 2*o + o + 2 = v, 4*v = -c*o + 8. What is the tens digit of v/8 + 495/20?
2
Suppose 3*g - 2*h - 20 = -0*h, h = 3*g - 25. Suppose 4*u + 2*s = 478, 2*u - 253 = -5*s - g. What is the hundreds digit of u?
1
Suppose 4219*w - 4216*w - 9567 = 0. What is the hundreds digit of w?
1
Let p(b) be the third derivative of 81*b**6/40 + b**4/4 - 5*b**3/6 - 29*b**2. What is the tens digit of p(1)?
4
Let v = -306 - -415. What is the tens digit of v?
0
Suppose 3*i - 6 = -c, -2*i + 15 = 3*c + 4. Let q be ((-76)/(-4) + i)*-2. Let b = 75 + q. What is the tens digit of b?
3
Suppose 9 = 4*k + d - 12, 4*k + 5*d - 41 = 0. Suppose 0 = -2*v + 8 + k. Suppose 0 = 3*b + 2*g - v*g - 54, 4*b - 5*g = 72. What is the units digit of b?
8
Let a = -697 - -1184. What is the units digit of a?
7
Let t = 53 + 159. What is the units digit of t?
2
Let q = 2917 + 1506. What is the hundreds digit of q?
4
What is the tens digit of -1 + 13060/3 - (-127)/(-381)?
5
Let r = -17 - -20. Suppose -v + 2*s + 22 = 0, v + 30 = 4*v + r*s. Suppose -2*l + 14 = -2*f, -5*l + 3*f = v - 51. What is the units digit of l?
8
What is the hundreds digit of -20*(212/(-10) + -8)?
5
Let h = -50 - -87. Suppose -3*f + 0*f - 2*l = -21, 5*f + 4*l - h = 0. Suppose 3*i + 30 = 3*w - 63, 0 = f*w + 5*i - 165. What is the units digit of w?
2
Let i(o) = o + 1. Let d = -2 - -3. Let u(g) = -8*g - 8. Let l(x) = d*u(x) + 3*i(x). What is the units digit of l(-5)?
0
Let m(l) = -17*l - 5. Suppose -2*s + 4*b + 26 = 0, -3*s = s - 2*b - 34. Suppose -1 = 4*x + s. What is the tens digit of m(x)?
2
Let h = -225 - -429. What is the hundreds digit of h?
2
Suppose -176 = -2*j - 70. Let l = 82 - j. Suppose -4*u = -l - 3. What is the units digit of u?
8
Let n(q) = -13*q + 0 - 15 - 1 + 5. What is the tens digit of n(-5)?
5
What is the hundreds digit of (8040/160)/((-3)/(-12))?
2
Let s(w) = 11*w**2 + 3*w - 2. Let h = -9 - -10. What is the tens digit of s(h)?
1
Suppose 7*m - 2*t + 138 = 4*m, 4*m + 184 = 3*t. Let d = m + 63. What is the units digit of d?
7
Suppose 0 = -5*w + 2*j - 145, -4*w + j + 4 = 123. Let o = w - -39. What is the units digit of o?
8
Let s = 441 + 61. What is the units digit of s?
2
Let z(a) = 6*a**2 - 2*a - 1 + 6*a - 3*a. What is the tens digit of z(-2)?
2
Let n be -2 + 6/3 - 5. Let l(y) = y**3 + 4*y**2 - 9*y + 5. Let o be l(n). Let x = o - 22. What is the units digit of x?
3
Let z be ((-2)/(-2))/(8 - 215/27). Suppose -b + 5*b = 2*l, 3*b - 14 = -2*l. Suppose 0 = -l*m - 8, y + 6*m = 4*m + z. What is the tens digit of y?
3
Suppose -y - 5*n - 18 = 0, -4*y - n = -6*n - 53. Suppose y = 3*u - 3*w - w, -4 = -5*u - w. What is the units digit of u?
1
Let v = 701 - -657. What is the units digit of v?
8
Suppose -m = -2*c - 63, -5*c - 141 = -0*m + 3*m. Let x = -28 - c. What is the units digit of x?
2
Let d = -15 + 26. Suppose -3*u - 3*z = -165, -3*z = -d - 4. What is the units digit of u?
0
Let v = -309 - -139. Let y = v + 289. What is the tens digit of y?
1
Let a(d) be the first derivative of -43*d**2/2 - d + 2. What is the units digit of a(-1)?
2
Let g = 12 - 10. Let z(c) = 1 + 6*c + 6 + c**3 - 3*c**2 + 0*c**g + 10*c**2. What is the units digit of z(-6)?
7
Suppose 3*n + 3*y + 3 = -3, 4*y = 3*n + 6. What is the units digit of (-8)/20*-791 - n/(-5)?
6
Suppose 10*k - 11*k + 10 = 0. What is the tens digit of (108/(-9))/((-3)/k)?
4
Let a be ((0/(-2))/(-3 - -2))/(-2). Suppose u - 152 = 5*g - 26, 3*u + 5*g - 358 = a. What is the units digit of u?
1
Let m = -235 + 557. What is the tens digit of m?
2
Suppose 0 = -3*z + 8*z + 225. What is the units digit of (-378)/z + 4/(-10)?
8
Suppose 0*h = -5*h + 4*v + 7356, -h = 5*v - 1448. What is the tens digit of h?
6
Let s = -14 + 3. Let u be (-7)/(-3)*(14 + s). Suppose 15 = 4*z + u. What is the units digit of z?
2
Let f(a) = a + 5. Let p be f(-4). Let h(i) be the third derivative of 21*i**6/40 - i**5/60 + i**4/12 - i**3/6 - 2*i**2. What is the units digit of h(p)?
3
Let o(u) = u**2 + 19*u. Let p(g) = 10*g**3 + 2*g + 1. Let m be p(-1). Let i be o(m). Let d = -60 - i. What is the tens digit of d?
2
Let b be (5 - -21) + 4/2. Suppose -2*n = 2, 2*n = -4*c - 2*n + b. Suppose 5*z - 180 = -5*g, 68 = -5*g + c*g - 5*z. What is the tens digit of g?
3
What is the units digit of (-1)/((-506)/(-1527) + 13/(-39))?
9
What is the tens digit of (-4 + (-1969)/(-6))*6?
4
Let v = 51 + -41. What is the units d